the highest common divisor of k and 27.
27
Let j be (-2)/(-6) + (-2264)/6. Let d be (0 + 1)/((-13)/j). Let a be 0 + d + 18/18. Calculate the greatest common divisor of 20 and a.
10
Let g = -460 + 458. Let m = 21 + g. Calculate the highest common divisor of 19 and m.
19
Let v(r) = -r**3 - 18*r**2 - 42*r + 459. Let u be v(-30). Calculate the greatest common divisor of u and 351.
117
Suppose -47*z - 922131 = -174*z - 160*z. Calculate the greatest common divisor of 595 and z.
119
Suppose 20*m + 7*m - 10179 = 0. What is the highest common divisor of 87 and m?
29
Let r(u) = -77*u + 4269. Let k be r(55). Calculate the greatest common divisor of k and 833.
17
Let f be (2/(-5))/((-3)/(-45)). Let l(h) = -1219*h + h**2 + 0 + 1217*h - 24. Let i be l(f). What is the greatest common factor of i and 96?
24
Suppose 3*f + 277 = 4*h, 0 = -3*h - 3*f + 215 - 2. Suppose 74*s = h*s + 168. Calculate the highest common factor of s and 126.
42
Let d(q) = -41 - 14 - 14*q + 14 + 21*q + 74*q. Let u be d(2). Calculate the highest common divisor of 33 and u.
11
Suppose -9*w + 25 = -4*w + 4*g, -2*g - 46 = -4*w. Suppose -237 = 15*v - 57. Let y = v + 13. Calculate the greatest common factor of w and y.
1
Let j(f) = 23 - 10 + 27 - 8*f + 58 - 4*f. Let d be j(7). What is the highest common factor of 2 and d?
2
Let i(z) = -7*z + 806. Let q be i(26). Calculate the greatest common factor of 3354 and q.
78
Let u be (-4)/(-6) - (-8 - 153/(-27)). Suppose 2*l - 4*y + 50 = u*l, -5*y = -3*l + 65. What is the highest common divisor of 15 and l?
15
Let a(b) = -9*b + 387. Let o be a(35). Let d(g) = 49*g - 1. Let q be d(1). Calculate the greatest common divisor of q and o.
24
Let x = -26065 - -85456. Calculate the greatest common divisor of 9 and x.
9
Suppose 38*x - 6 = 35*x. Suppose 4*u - 7*z - 59 = -4*z, -5*u + x*z + 72 = 0. Calculate the greatest common factor of u and 70.
14
Let g be 21/12 + 2/8. Suppose 0 = -2*f + 10, 11*o = 13*o - f - 151. Suppose 4*z = -g + o. Calculate the greatest common divisor of 171 and z.
19
Suppose -2*d + 3*m = 6, 5*d = -4*m - 3 + 11. Suppose -2*l - 3*c + 147 + 253 = d, -c = 0. Let x = 281 - l. Calculate the highest common divisor of 9 and x.
9
Let p be ((-252)/30)/(7 + (-777)/105). Calculate the greatest common factor of p and 219.
3
Suppose -d + 83 - 28 = 0. Suppose -99 = -16*t + 77. What is the highest common factor of d and t?
11
Let y(x) = -x**2 + 75*x - 706. Let s be y(12). What is the highest common factor of 16 and s?
2
Let b be (61/(-9))/(-1) - 476/(-2142). What is the greatest common factor of 973 and b?
7
Let k(j) = 161*j + 132. Let f be k(8). Let s(g) = g**3 - 13*g**2 + 35*g - 30. Let z be s(10). Calculate the highest common divisor of f and z.
20
Suppose -77*o + 1720258 = 6*o. What is the greatest common factor of 86 and o?
86
Let n(z) = z**3 - 17*z**2 + z - 1. Let h be n(17). Suppose 11*g = h*g - 520. Calculate the highest common factor of g and 26.
26
Let x = -2657 + 2666. What is the greatest common factor of 981 and x?
9
Suppose l - 30 = -3*j, 3*l = -13 + 4. Let y = 26677 + -25808. What is the greatest common factor of j and y?
11
Let z(h) = 31*h + 227. Suppose -84 = 122*p - 110*p. Let m be z(p). What is the greatest common factor of 25 and m?
5
Suppose 87*a + 2379 = 53*a + 217*a. Let h be (-4)/18 - (-2575)/45. Let g = h - 31. Calculate the highest common divisor of g and a.
13
Suppose -8*x + 560 = -4*x. Let h(p) = -119*p + 1778. Let u be h(14). Calculate the greatest common divisor of u and x.
28
Suppose -289*y - 12066 = -5*s - 287*y, 3*y - 12101 = -5*s. What is the highest common divisor of 52 and s?
4
Let q(z) = -4*z**2 + 209*z + 1450. Let w be q(-6). Calculate the greatest common divisor of 1260 and w.
4
Let l(i) = -434*i + 940. Let z be l(2). What is the greatest common factor of z and 22122?
18
Let q = 161 + -158. Suppose 23 = -q*j + 143. What is the highest common factor of j and 5?
5
Suppose 10 + 14 = 6*x. Suppose x*c = -4 + 16. Suppose -4*b + c*b + 60 = 0. What is the greatest common divisor of b and 20?
20
Suppose 3*n = 3*t - 6603, 10*t - 4*n + 10960 = 15*t. Let a = 21 - 14. Let c be (a - t/(-30)) + (-1)/5. Calculate the greatest common factor of c and 10.
10
Let o be (3/(-2))/(11 - 8 - (-64440)/(-21472)). Calculate the highest common divisor of 594 and o.
22
Let y = -304 + 309. Suppose 2*n - 56 = 3*k + 170, -y*k - 570 = -5*n. Calculate the greatest common divisor of n and 87.
29
Let p be 2/(-13) + (-656)/(-208). Suppose 0 = v - 4, 0*x + 5*v = p*x - 112. Calculate the greatest common divisor of x and 11.
11
Suppose -v - 7 = -3*g, -7 = -g + 4*v + v. Suppose 0*a - 4*a + 50 = 5*u, 0 = 2*a + g*u - 24. Calculate the greatest common factor of 310 and a.
10
Let n = 3503 + -3446. Calculate the greatest common factor of n and 209.
19
Suppose -5*j + 89 = 4*d, -2*j - 103 = -d - 4*d. Suppose m = -1 - 1. Let u(v) = -118*v - 5. Let w be u(m). Calculate the greatest common divisor of d and w.
21
Let x be (228/(-30))/(-19)*35. Calculate the greatest common factor of 21938 and x.
14
Let i be (5/((-180)/24))/(5/(-255)). What is the greatest common factor of i and 8?
2
Let x be 6/4*(-1180)/(-177). What is the highest common divisor of x and 90?
10
Suppose 9*c = 2 + 79. Let u(v) = -v**2 - 10*v + 4. Let d be u(-7). Let w = d + -19. Calculate the greatest common divisor of w and c.
3
Let w = 16200 + -16064. Calculate the greatest common divisor of w and 17408.
136
Suppose 0 = 8*q + 40 - 72. Let z be 49*(-4 - -6)*2. Calculate the greatest common factor of q and z.
4
Suppose -48*d + 97020 = 84*d - 34*d. What is the highest common factor of 9 and d?
9
Let y(b) = 5*b**2 - 35*b + 28. Let i be y(8). Calculate the greatest common factor of i and 4828.
68
Let g(o) = -19*o**2 - 24*o**2 - 2*o - 2 + 47*o**2. Let y be g(-1). Suppose -2*n - y*n + 360 = 0. What is the greatest common factor of n and 30?
30
Suppose -3*f = r + 8, -7*f = 3*r - 6*f - 8. What is the highest common divisor of r and 656?
4
Let p(c) = -128*c + 447. Let q be p(1). What is the greatest common factor of q and 22?
11
Let q(s) = 79*s - 91. Let i be q(7). Let w be 4/(-7) - (-20592)/i. Calculate the greatest common factor of w and 220.
44
Let w = 161 - 71. Let t = 574 + -544. Calculate the highest common divisor of t and w.
30
Suppose -3362 - 16083 = -56*s + 21491. Calculate the highest common factor of 34 and s.
17
Suppose -3*r + 4*l - 457 + 165 = 0, 0 = 3*r + 2*l + 286. Let u = -82 - r. Calculate the greatest common factor of u and 7.
7
Let a be 15/2*(-66)/55. Let b be (36/16)/(a/(-96)). Let m = 33 - 27. Calculate the greatest common divisor of m and b.
6
Let a be 54/15*20/6. Let d(v) = 4*v**3 + 31*v**2 - 8*v + 14. Let g be d(-8). Let q = g - a. What is the greatest common factor of q and 5?
1
Suppose -3*z + 2*c + 43 = 3*c, -3*c - 40 = -4*z. Let s be (1884/(-8))/(5 - 44/8). Let h = s + -354. Calculate the highest common factor of h and z.
13
Suppose 94*t - 179*t = -71*t - 182. Calculate the greatest common factor of 15483 and t.
13
Let t = 13413 - 11274. What is the highest common factor of t and 138?
69
Let v be -24*((-21)/6 - -1). Suppose -3*r + 12 - 120 = 0. Let s be 270/r*4/(-3). Calculate the highest common factor of v and s.
10
Suppose 21*f - 18*f = 5*s - 1, 2*s = f. Let y be 16 - ((22 - 19) + 8/s). Let w be (2/(-2))/((-5)/15). Calculate the highest common factor of w and y.
3
Let i(x) = 6*x - 11. Let d(b) = -b - 1. Let a(q) = -5*d(q) - i(q). Let m = -3644 + 3649. Let u be a(m). Calculate the greatest common factor of 88 and u.
11
Suppose 3*q + u - 68 = 5*u, 88 = 4*q - 4*u. Let k be 22/(-55) - (-13808)/q. What is the greatest common factor of 30 and k?
30
Suppose -205*o + 173*o + 225120 = 0. Calculate the greatest common factor of 67 and o.
67
Let q(a) = -8*a + 12. Let h be q(7). Let c be 220/(-8)*(3 - h/(-20)). Let s be 36/3*c/(-6). What is the highest common factor of s and 22?
22
Let h = -14684 - -14726. What is the highest common divisor of h and 1596?
42
Let o = 4416 + -3264. Calculate the highest common factor of 1216 and o.
64
Let y(h) = h**2 - 17*h + 27. Let i be y(12). Let g be -24*(57/(-12) + 3) - 2. Let l = g + i. What is the greatest common divisor of 49 and l?
7
Let d be -6*(-6)/(-9) - -48. Let c be (-6)/(-9)*21/(-2). Let u be 60/8 + -3 + c/14. What is the highest common divi